{"id":5368,"date":"2017-10-03T02:11:33","date_gmt":"2017-10-06T02:35:39","guid":{"rendered":"https:\/\/donbaraton.es\/?post_type=product&#038;p=5368"},"modified":"2017-10-06T05:11:03","modified_gmt":"2017-10-06T03:11:03","slug":"compact-hair-dryer","status":"publish","type":"product","link":"https:\/\/donbaraton.es\/en\/p\/compact-hair-dryer\/","title":{"rendered":"Compact Hair Dryer"},"content":{"rendered":"<ul>\n<li>Folding handle allows you to the hair dryer in a travel bag or a suitcase where it won&#8217;t take a lot of space<\/li>\n<li>2 styling speeds<\/li>\n<li>Low weight and compact<\/li>\n<li>Pink, green, violet and yellow colors<\/li>\n<li>Concentrator that allows you to direct the airflow at your hair<\/li>\n<li>Hanging ring for convenient storage and access<\/li>\n<li>1.5 meter length cord<\/li>\n<li>User&#8217;s manual in English, Spanish and Portuguese<\/li>\n<\/ul>\n<p><strong>Power:<\/strong> 1000W<\/p>\n<p><strong>Voltage:<\/strong>\u00a0AC220-240V, 50\/60Hz<\/p>\n<p><strong>Storage:<\/strong> unplug when not in use. Let the hair dryer to coll down and store it in a dry place. Do not wrap the cord around the appliance.<\/p>\n<p><strong>Cleaning:<\/strong> Clean with a dry cloth. Don&#8217;t wash in water<\/p>\n","protected":false},"excerpt":{"rendered":"<p>Compact hair dryer is the best option for travel and for saving space in small bathrooms. Lightweight, compact and powerful!<\/p>\n<ul>\n<li>Folding handle allows you to the hair dryer in a travel bag or a suitcase where it won&#8217;t take a lot of space<\/li>\n<li>2 styling speeds<\/li>\n<li>Low weight and compact<\/li>\n<li>Pink, green, violet and yellow colors<\/li>\n<li>Concentrator that allows you to direct the airflow at your hair<\/li>\n<li>Hanging ring for convenient storage and access<\/li>\n<li>1.5 meter length cord<\/li>\n<li>User&#8217;s manual in English, Spanish and Portuguese<\/li>\n<\/ul>\n<p><strong>Power:<\/strong> 1000W<\/p>\n<p><strong>Voltage:<\/strong>\u00a0AC220-240V, 50\/60Hz<\/p>\n","protected":false},"featured_media":5362,"comment_status":"open","ping_status":"closed","template":"","meta":{"_et_pb_use_builder":"","_et_pb_old_content":"","_et_gb_content_width":""},"product_brand":[],"product_cat":[37],"product_tag":[],"class_list":{"0":"post-5368","1":"product","2":"type-product","3":"status-publish","4":"has-post-thumbnail","6":"product_cat-home-appliances","7":"product_shipping_class-articulos-ligeros","9":"first","10":"outofstock","11":"sale","12":"taxable","13":"shipping-taxable","14":"purchasable","15":"product-type-variable"},"yoast_head":"<!-- This site is optimized with the Yoast SEO plugin v27.2 - https:\/\/yoast.com\/product\/yoast-seo-wordpress\/ -->\n<title>Compact Hair Dryer - Don Baraton: tienda de sof\u00e1s, muebles y colchones<\/title>\n<meta name=\"robots\" content=\"index, follow, max-snippet:-1, max-image-preview:large, max-video-preview:-1\" \/>\n<link rel=\"canonical\" href=\"https:\/\/donbaraton.es\/en\/p\/compact-hair-dryer\/\" \/>\n<meta property=\"og:locale\" content=\"en_GB\" \/>\n<meta property=\"og:type\" content=\"article\" \/>\n<meta property=\"og:title\" content=\"Compact Hair Dryer - Don Baraton: tienda de sof\u00e1s, muebles y colchones\" \/>\n<meta property=\"og:description\" content=\"Compact hair dryer is the best option for travel and for saving space in small bathrooms. Lightweight, compact and powerful!   Folding handle allows you to the hair dryer in a travel bag or a suitcase where it won&#039;t take a lot of space  2 styling speeds  Low weight and compact  Pink, green, violet and yellow colors  Concentrator that allows you to direct the airflow at your hair  Hanging ring for convenient storage and access  1.5 meter length cord  User&#039;s manual in English, Spanish and Portuguese  Power: 1000W  Voltage:\u00a0AC220-240V, 50\/60Hz\" \/>\n<meta property=\"og:url\" content=\"https:\/\/donbaraton.es\/en\/p\/compact-hair-dryer\/\" \/>\n<meta property=\"og:site_name\" content=\"Don Baraton: tienda de sof\u00e1s, muebles y colchones\" \/>\n<meta property=\"article:publisher\" content=\"https:\/\/www.facebook.com\/donbaraton.es\" \/>\n<meta property=\"article:modified_time\" content=\"2017-10-06T03:11:03+00:00\" \/>\n<meta property=\"og:image\" content=\"https:\/\/i1.wp.com\/donbaraton.es\/wp-content\/uploads\/2017\/10\/Secador-de-pelo-de-color-rosa-1.jpg?fit=800%2C675&ssl=1\" \/>\n\t<meta property=\"og:image:width\" content=\"800\" \/>\n\t<meta property=\"og:image:height\" content=\"675\" \/>\n\t<meta property=\"og:image:type\" content=\"image\/jpeg\" \/>\n<meta name=\"twitter:card\" content=\"summary_large_image\" \/>\n<meta name=\"twitter:site\" content=\"@don_baraton\" \/>\n<meta name=\"twitter:label1\" content=\"Estimated reading time\" \/>\n\t<meta name=\"twitter:data1\" content=\"1 minute\" \/>\n<script type=\"application\/ld+json\" class=\"yoast-schema-graph\">{\"@context\":\"https:\/\/schema.org\",\"@graph\":[{\"@type\":\"WebPage\",\"@id\":\"https:\/\/donbaraton.es\/en\/p\/compact-hair-dryer\/\",\"url\":\"https:\/\/donbaraton.es\/en\/p\/compact-hair-dryer\/\",\"name\":\"Compact Hair Dryer - Don Baraton: tienda de sof\u00e1s, muebles y colchones\",\"isPartOf\":{\"@id\":\"https:\/\/donbaraton.es\/#website\"},\"primaryImageOfPage\":{\"@id\":\"https:\/\/donbaraton.es\/en\/p\/compact-hair-dryer\/#primaryimage\"},\"image\":{\"@id\":\"https:\/\/donbaraton.es\/en\/p\/compact-hair-dryer\/#primaryimage\"},\"thumbnailUrl\":\"https:\/\/donbaraton.es\/wp-content\/uploads\/2017\/10\/Secador-de-pelo-de-color-rosa-1.jpg\",\"datePublished\":\"2017-10-06T02:35:39+00:00\",\"dateModified\":\"2017-10-06T03:11:03+00:00\",\"breadcrumb\":{\"@id\":\"https:\/\/donbaraton.es\/en\/p\/compact-hair-dryer\/#breadcrumb\"},\"inLanguage\":\"en-GB\",\"potentialAction\":[{\"@type\":\"ReadAction\",\"target\":[\"https:\/\/donbaraton.es\/en\/p\/compact-hair-dryer\/\"]}]},{\"@type\":\"ImageObject\",\"inLanguage\":\"en-GB\",\"@id\":\"https:\/\/donbaraton.es\/en\/p\/compact-hair-dryer\/#primaryimage\",\"url\":\"https:\/\/donbaraton.es\/wp-content\/uploads\/2017\/10\/Secador-de-pelo-de-color-rosa-1.jpg\",\"contentUrl\":\"https:\/\/donbaraton.es\/wp-content\/uploads\/2017\/10\/Secador-de-pelo-de-color-rosa-1.jpg\",\"width\":800,\"height\":675,\"caption\":\"Pink travel hair dryer\"},{\"@type\":\"BreadcrumbList\",\"@id\":\"https:\/\/donbaraton.es\/en\/p\/compact-hair-dryer\/#breadcrumb\",\"itemListElement\":[{\"@type\":\"ListItem\",\"position\":1,\"name\":\"Portada\",\"item\":\"https:\/\/donbaraton.es\/en\/\"},{\"@type\":\"ListItem\",\"position\":2,\"name\":\"Online Shop\",\"item\":\"https:\/\/donbaraton.es\/en\/shop\/\"},{\"@type\":\"ListItem\",\"position\":3,\"name\":\"Compact Hair Dryer\"}]},{\"@type\":\"WebSite\",\"@id\":\"https:\/\/donbaraton.es\/#website\",\"url\":\"https:\/\/donbaraton.es\/\",\"name\":\"Don Baraton: tienda de sof\u00e1s, muebles y colchones\",\"description\":\"Sofas baratos desde el almac\u00e9n en Almorad\u00ed, Alicante\",\"publisher\":{\"@id\":\"https:\/\/donbaraton.es\/#organization\"},\"potentialAction\":[{\"@type\":\"SearchAction\",\"target\":{\"@type\":\"EntryPoint\",\"urlTemplate\":\"https:\/\/donbaraton.es\/?s={search_term_string}\"},\"query-input\":{\"@type\":\"PropertyValueSpecification\",\"valueRequired\":true,\"valueName\":\"search_term_string\"}}],\"inLanguage\":\"en-GB\"},{\"@type\":\"Organization\",\"@id\":\"https:\/\/donbaraton.es\/#organization\",\"name\":\"Don Baraton\",\"url\":\"https:\/\/donbaraton.es\/\",\"logo\":{\"@type\":\"ImageObject\",\"inLanguage\":\"en-GB\",\"@id\":\"https:\/\/donbaraton.es\/#\/schema\/logo\/image\/\",\"url\":\"https:\/\/i0.wp.com\/donbaraton.es\/wp-content\/uploads\/2016\/11\/logo_don_baraton.png?fit=228%2C110&ssl=1\",\"contentUrl\":\"https:\/\/i0.wp.com\/donbaraton.es\/wp-content\/uploads\/2016\/11\/logo_don_baraton.png?fit=228%2C110&ssl=1\",\"width\":228,\"height\":110,\"caption\":\"Don Baraton\"},\"image\":{\"@id\":\"https:\/\/donbaraton.es\/#\/schema\/logo\/image\/\"},\"sameAs\":[\"https:\/\/www.facebook.com\/donbaraton.es\",\"https:\/\/x.com\/don_baraton\",\"https:\/\/www.instagram.com\/donbaraton.es\",\"https:\/\/www.linkedin.com\/company\/donbaraton\/\",\"https:\/\/es.pinterest.com\/donbaraton\/\",\"https:\/\/www.youtube.com\/channel\/UCL02HOwx-F759Jq5MedAZfQ\"]}]}<\/script>\n<!-- \/ Yoast SEO plugin. -->","yoast_head_json":{"title":"Compact Hair Dryer - Don Baraton: tienda de sof\u00e1s, muebles y colchones","robots":{"index":"index","follow":"follow","max-snippet":"max-snippet:-1","max-image-preview":"max-image-preview:large","max-video-preview":"max-video-preview:-1"},"canonical":"https:\/\/donbaraton.es\/en\/p\/compact-hair-dryer\/","og_locale":"en_GB","og_type":"article","og_title":"Compact Hair Dryer - Don Baraton: tienda de sof\u00e1s, muebles y colchones","og_description":"Compact hair dryer is the best option for travel and for saving space in small bathrooms. Lightweight, compact and powerful!   Folding handle allows you to the hair dryer in a travel bag or a suitcase where it won't take a lot of space  2 styling speeds  Low weight and compact  Pink, green, violet and yellow colors  Concentrator that allows you to direct the airflow at your hair  Hanging ring for convenient storage and access  1.5 meter length cord  User's manual in English, Spanish and Portuguese  Power: 1000W  Voltage:\u00a0AC220-240V, 50\/60Hz","og_url":"https:\/\/donbaraton.es\/en\/p\/compact-hair-dryer\/","og_site_name":"Don Baraton: tienda de sof\u00e1s, muebles y colchones","article_publisher":"https:\/\/www.facebook.com\/donbaraton.es","article_modified_time":"2017-10-06T03:11:03+00:00","og_image":[{"width":800,"height":675,"url":"https:\/\/i1.wp.com\/donbaraton.es\/wp-content\/uploads\/2017\/10\/Secador-de-pelo-de-color-rosa-1.jpg?fit=800%2C675&ssl=1","type":"image\/jpeg"}],"twitter_card":"summary_large_image","twitter_site":"@don_baraton","twitter_misc":{"Estimated reading time":"1 minute"},"schema":{"@context":"https:\/\/schema.org","@graph":[{"@type":"WebPage","@id":"https:\/\/donbaraton.es\/en\/p\/compact-hair-dryer\/","url":"https:\/\/donbaraton.es\/en\/p\/compact-hair-dryer\/","name":"Compact Hair Dryer - Don Baraton: tienda de sof\u00e1s, muebles y colchones","isPartOf":{"@id":"https:\/\/donbaraton.es\/#website"},"primaryImageOfPage":{"@id":"https:\/\/donbaraton.es\/en\/p\/compact-hair-dryer\/#primaryimage"},"image":{"@id":"https:\/\/donbaraton.es\/en\/p\/compact-hair-dryer\/#primaryimage"},"thumbnailUrl":"https:\/\/donbaraton.es\/wp-content\/uploads\/2017\/10\/Secador-de-pelo-de-color-rosa-1.jpg","datePublished":"2017-10-06T02:35:39+00:00","dateModified":"2017-10-06T03:11:03+00:00","breadcrumb":{"@id":"https:\/\/donbaraton.es\/en\/p\/compact-hair-dryer\/#breadcrumb"},"inLanguage":"en-GB","potentialAction":[{"@type":"ReadAction","target":["https:\/\/donbaraton.es\/en\/p\/compact-hair-dryer\/"]}]},{"@type":"ImageObject","inLanguage":"en-GB","@id":"https:\/\/donbaraton.es\/en\/p\/compact-hair-dryer\/#primaryimage","url":"https:\/\/donbaraton.es\/wp-content\/uploads\/2017\/10\/Secador-de-pelo-de-color-rosa-1.jpg","contentUrl":"https:\/\/donbaraton.es\/wp-content\/uploads\/2017\/10\/Secador-de-pelo-de-color-rosa-1.jpg","width":800,"height":675,"caption":"Pink travel hair dryer"},{"@type":"BreadcrumbList","@id":"https:\/\/donbaraton.es\/en\/p\/compact-hair-dryer\/#breadcrumb","itemListElement":[{"@type":"ListItem","position":1,"name":"Portada","item":"https:\/\/donbaraton.es\/en\/"},{"@type":"ListItem","position":2,"name":"Online Shop","item":"https:\/\/donbaraton.es\/en\/shop\/"},{"@type":"ListItem","position":3,"name":"Compact Hair Dryer"}]},{"@type":"WebSite","@id":"https:\/\/donbaraton.es\/#website","url":"https:\/\/donbaraton.es\/","name":"Don Baraton: tienda de sof\u00e1s, muebles y colchones","description":"Sofas baratos desde el almac\u00e9n en Almorad\u00ed, Alicante","publisher":{"@id":"https:\/\/donbaraton.es\/#organization"},"potentialAction":[{"@type":"SearchAction","target":{"@type":"EntryPoint","urlTemplate":"https:\/\/donbaraton.es\/?s={search_term_string}"},"query-input":{"@type":"PropertyValueSpecification","valueRequired":true,"valueName":"search_term_string"}}],"inLanguage":"en-GB"},{"@type":"Organization","@id":"https:\/\/donbaraton.es\/#organization","name":"Don Baraton","url":"https:\/\/donbaraton.es\/","logo":{"@type":"ImageObject","inLanguage":"en-GB","@id":"https:\/\/donbaraton.es\/#\/schema\/logo\/image\/","url":"https:\/\/i0.wp.com\/donbaraton.es\/wp-content\/uploads\/2016\/11\/logo_don_baraton.png?fit=228%2C110&ssl=1","contentUrl":"https:\/\/i0.wp.com\/donbaraton.es\/wp-content\/uploads\/2016\/11\/logo_don_baraton.png?fit=228%2C110&ssl=1","width":228,"height":110,"caption":"Don Baraton"},"image":{"@id":"https:\/\/donbaraton.es\/#\/schema\/logo\/image\/"},"sameAs":["https:\/\/www.facebook.com\/donbaraton.es","https:\/\/x.com\/don_baraton","https:\/\/www.instagram.com\/donbaraton.es","https:\/\/www.linkedin.com\/company\/donbaraton\/","https:\/\/es.pinterest.com\/donbaraton\/","https:\/\/www.youtube.com\/channel\/UCL02HOwx-F759Jq5MedAZfQ"]}]}},"_links":{"self":[{"href":"https:\/\/donbaraton.es\/en\/wp-json\/wp\/v2\/product\/5368","targetHints":{"allow":["GET"]}}],"collection":[{"href":"https:\/\/donbaraton.es\/en\/wp-json\/wp\/v2\/product"}],"about":[{"href":"https:\/\/donbaraton.es\/en\/wp-json\/wp\/v2\/types\/product"}],"replies":[{"embeddable":true,"href":"https:\/\/donbaraton.es\/en\/wp-json\/wp\/v2\/comments?post=5368"}],"wp:featuredmedia":[{"embeddable":true,"href":"https:\/\/donbaraton.es\/en\/wp-json\/wp\/v2\/media\/5362"}],"wp:attachment":[{"href":"https:\/\/donbaraton.es\/en\/wp-json\/wp\/v2\/media?parent=5368"}],"wp:term":[{"taxonomy":"product_brand","embeddable":true,"href":"https:\/\/donbaraton.es\/en\/wp-json\/wp\/v2\/product_brand?post=5368"},{"taxonomy":"product_cat","embeddable":true,"href":"https:\/\/donbaraton.es\/en\/wp-json\/wp\/v2\/product_cat?post=5368"},{"taxonomy":"product_tag","embeddable":true,"href":"https:\/\/donbaraton.es\/en\/wp-json\/wp\/v2\/product_tag?post=5368"}],"curies":[{"name":"wp","href":"https:\/\/api.w.org\/{rel}","templated":true}]}}

<!-- This site is optimized with the Yoast SEO plugin v27.2 - https://yoast.com/product/yoast-seo-wordpress/ -->
<title>Compact Hair Dryer - Don Baraton: tienda de sofás, muebles y colchones</title>
<meta name="robots" content="index, follow, max-snippet:-1, max-image-preview:large, max-video-preview:-1" />
<link rel="canonical" href="https://donbaraton.es/en/p/compact-hair-dryer/" />
<meta property="og:locale" content="en_GB" />
<meta property="og:type" content="article" />
<meta property="og:title" content="Compact Hair Dryer - Don Baraton: tienda de sofás, muebles y colchones" />
<meta property="og:description" content="Compact hair dryer is the best option for travel and for saving space in small bathrooms. Lightweight, compact and powerful!   Folding handle allows you to the hair dryer in a travel bag or a suitcase where it won&#039;t take a lot of space  2 styling speeds  Low weight and compact  Pink, green, violet and yellow colors  Concentrator that allows you to direct the airflow at your hair  Hanging ring for convenient storage and access  1.5 meter length cord  User&#039;s manual in English, Spanish and Portuguese  Power: 1000W  Voltage: AC220-240V, 50/60Hz" />
<meta property="og:url" content="https://donbaraton.es/en/p/compact-hair-dryer/" />
<meta property="og:site_name" content="Don Baraton: tienda de sofás, muebles y colchones" />
<meta property="article:publisher" content="https://www.facebook.com/donbaraton.es" />
<meta property="article:modified_time" content="2017-10-06T03:11:03+00:00" />
<meta property="og:image" content="https://i1.wp.com/donbaraton.es/wp-content/uploads/2017/10/Secador-de-pelo-de-color-rosa-1.jpg?fit=800%2C675&ssl=1" />
	<meta property="og:image:width" content="800" />
	<meta property="og:image:height" content="675" />
	<meta property="og:image:type" content="image/jpeg" />
<meta name="twitter:card" content="summary_large_image" />
<meta name="twitter:site" content="@don_baraton" />
<meta name="twitter:label1" content="Estimated reading time" />
	<meta name="twitter:data1" content="1 minute" />
<script type="application/ld+json" class="yoast-schema-graph">{"@context":"https://schema.org","@graph":[{"@type":"WebPage","@id":"https://donbaraton.es/en/p/compact-hair-dryer/","url":"https://donbaraton.es/en/p/compact-hair-dryer/","name":"Compact Hair Dryer - Don Baraton: tienda de sofás, muebles y colchones","isPartOf":{"@id":"https://donbaraton.es/#website"},"primaryImageOfPage":{"@id":"https://donbaraton.es/en/p/compact-hair-dryer/#primaryimage"},"image":{"@id":"https://donbaraton.es/en/p/compact-hair-dryer/#primaryimage"},"thumbnailUrl":"https://donbaraton.es/wp-content/uploads/2017/10/Secador-de-pelo-de-color-rosa-1.jpg","datePublished":"2017-10-06T02:35:39+00:00","dateModified":"2017-10-06T03:11:03+00:00","breadcrumb":{"@id":"https://donbaraton.es/en/p/compact-hair-dryer/#breadcrumb"},"inLanguage":"en-GB","potentialAction":[{"@type":"ReadAction","target":["https://donbaraton.es/en/p/compact-hair-dryer/"]}]},{"@type":"ImageObject","inLanguage":"en-GB","@id":"https://donbaraton.es/en/p/compact-hair-dryer/#primaryimage","url":"https://donbaraton.es/wp-content/uploads/2017/10/Secador-de-pelo-de-color-rosa-1.jpg","contentUrl":"https://donbaraton.es/wp-content/uploads/2017/10/Secador-de-pelo-de-color-rosa-1.jpg","width":800,"height":675,"caption":"Pink travel hair dryer"},{"@type":"BreadcrumbList","@id":"https://donbaraton.es/en/p/compact-hair-dryer/#breadcrumb","itemListElement":[{"@type":"ListItem","position":1,"name":"Portada","item":"https://donbaraton.es/en/"},{"@type":"ListItem","position":2,"name":"Online Shop","item":"https://donbaraton.es/en/shop/"},{"@type":"ListItem","position":3,"name":"Compact Hair Dryer"}]},{"@type":"WebSite","@id":"https://donbaraton.es/#website","url":"https://donbaraton.es/","name":"Don Baraton: tienda de sofás, muebles y colchones","description":"Sofas baratos desde el almacén en Almoradí, Alicante","publisher":{"@id":"https://donbaraton.es/#organization"},"potentialAction":[{"@type":"SearchAction","target":{"@type":"EntryPoint","urlTemplate":"https://donbaraton.es/?s={search_term_string}"},"query-input":{"@type":"PropertyValueSpecification","valueRequired":true,"valueName":"search_term_string"}}],"inLanguage":"en-GB"},{"@type":"Organization","@id":"https://donbaraton.es/#organization","name":"Don Baraton","url":"https://donbaraton.es/","logo":{"@type":"ImageObject","inLanguage":"en-GB","@id":"https://donbaraton.es/#/schema/logo/image/","url":"https://i0.wp.com/donbaraton.es/wp-content/uploads/2016/11/logo_don_baraton.png?fit=228%2C110&ssl=1","contentUrl":"https://i0.wp.com/donbaraton.es/wp-content/uploads/2016/11/logo_don_baraton.png?fit=228%2C110&ssl=1","width":228,"height":110,"caption":"Don Baraton"},"image":{"@id":"https://donbaraton.es/#/schema/logo/image/"},"sameAs":["https://www.facebook.com/donbaraton.es","https://x.com/don_baraton","https://www.instagram.com/donbaraton.es","https://www.linkedin.com/company/donbaraton/","https://es.pinterest.com/donbaraton/","https://www.youtube.com/channel/UCL02HOwx-F759Jq5MedAZfQ"]}]}</script>
<!-- / Yoast SEO plugin. -->

Compact Hair Dryer - Don Baraton: tienda de sofás, muebles y colchones

Don Baraton: tienda de sofás, muebles y colchones

Sofas baratos desde el almacén en Almoradí, Alicante
